 is the units digit of u?
3
Let p be 122/8 - 3 - (-5)/(-20). Let x be ((-18)/(-54))/(2/p). Suppose 3*i = x*l + 112 + 85, 5*l + 5 = 0. What is the units digit of i?
5
Let y = -3001 - -5574. Let w = 3824 - y. What is the hundreds digit of w?
2
Suppose 0 = 4*y + v - 8 + 19, 2*y + 7 = -v. Let s(b) = -77*b - 7. What is the hundreds digit of s(y)?
1
Suppose -z + 13 = 3*c + 3, 2*z + 35 = 5*c. Suppose -4*f + 2*m + 21 = -33, 2*f - c*m = 7. Suppose 12*r - f*r = -20. What is the units digit of r?
5
Suppose -4*s = 2*x - 5179 - 285793, 0 = s - 2*x - 72743. What is the hundreds digit of s?
7
What is the units digit of (3 - (-16 + 20))*(-41513)/1?
3
What is the hundreds digit of (592/6)/((-74)/(-11988))?
9
Let l(p) = 3*p**2 + 3*p + 3. Let f be l(-1). Let g(a) = 13*a**3 - 11*a**2 + 14*a + 3. What is the hundreds digit of g(f)?
2
Let y = -3499 + 3467. Suppose 0 = 4*w + 3*n - 180, -5*w = 2*n - 121 - 111. Let m = y + w. What is the units digit of m?
6
Suppose -w = -5*w, -j = 5*w - 12. Let c(x) = x**3 - 9*x**2 + 16*x - 2. What is the units digit of c(j)?
2
Let z(g) = -26*g + 43. Let v be z(-3). Suppose -2*w = -2*q - 649 - v, -4*w = 4*q - 1524. What is the units digit of w?
3
What is the tens digit of (-8)/(-92) + 7/(1932/4905324)?
7
Suppose 2*s - 34 = -5*x, -x = x - 2*s - 8. Suppose x*o - 3 = 3*o. What is the units digit of o*(1 - 4) - (-11 - -2)?
6
Let t(l) = 82 - 2*l**2 + l**2 + 6*l + 4*l**2 - 26. What is the hundreds digit of t(-13)?
4
What is the units digit of 40/(-12)*4518/(-4)?
5
Suppose -221*c + 103*c = -103722. What is the tens digit of c?
7
Suppose 1045*j = 1006*j + 94575. What is the thousands digit of j?
2
Let x(d) = -2*d**3 + 6*d**2 + d + 3. Suppose 4 = 4*q - 4*s, -11 = -4*q - q + 2*s. Suppose 4 = q*u - 5. What is the units digit of x(u)?
6
Suppose -s - 2*s = -240. Let m = -440 - -439. Let i = m + s. What is the tens digit of i?
7
Suppose 18 = -7*f + 4. What is the hundreds digit of (-435)/f + (-15)/(-6) + -2?
2
Let c(p) = -p**2 - 7*p - 6. Let a be c(-4). Let v(y) = 2 + y**3 - 3*y**2 + 0 + 1 - 2*y + 7. What is the units digit of v(a)?
6
Let b(o) = 703*o - 345. What is the tens digit of b(3)?
6
Suppose -4*p - 8496 = -6*p + 3*s, 2*p = 2*s + 8498. Suppose p + 1824 = 5*y. What is the units digit of y?
5
Let i = -72 + 75. Suppose 4*z - 12 = -4*q, -4*z - i = -3*q - 9*z. Suppose 0 = -q*h + 127 + 413. What is the units digit of h?
0
Suppose 0 = 3*s - 3*n - 34506, 23041 = 3*s + 5*n - 11417. What is the ten thousands digit of s?
1
Suppose -4*n + 17 = 1. What is the units digit of (-2528)/(-10) - n/(-20)?
3
Let r(h) = -h**3 - 18*h**2 - 33*h - 21. Let v be r(-17). Suppose -414 = -3*k - 2*a + 367, -k - 3*a = -v. What is the tens digit of k?
6
Suppose 5*i - 136 = -506. What is the tens digit of (-25)/15*(16/(-4) + i)?
3
Suppose 0*v + v + 6*v = 0. Suppose 0 = -30*z + 28*z - 10, 2*o - 2*z - 276 = v. What is the hundreds digit of o?
1
Let v be (4 - (-5 + 25))*1522/(-8). Suppose 0 = -4*c + 968 + v. What is the thousands digit of c?
1
What is the hundreds digit of 6*((-5202)/(-102))/(1/21)?
4
Suppose 5*d - 15 = -3*u, -2*u - u = 0. Suppose 5*g = d*g + 574. What is the units digit of g?
7
Let q be ((-434)/8)/(-4*6/1248). Suppose 1652 = 21*m - q. What is the units digit of m?
3
Let k(l) = 89*l**3 - 3*l**2 - l + 45. What is the ten thousands digit of k(6)?
1
Let d be -3*((-26)/15 - 30/(-75)). Suppose d*p = -p + 1420. What is the hundreds digit of p?
2
Let o(a) = 1166*a**2 + 207*a + 735. What is the hundreds digit of o(-5)?
8
Let y(z) = 32*z - 2*z**2 + 6*z**2 - 15*z + 20. What is the tens digit of y(-7)?
9
Let l be (-22 + 2 + -2)*-10. Let z = 55 - 139. Let h = l + z. What is the hundreds digit of h?
1
Let x(q) = 2*q**2 - 95*q - 148. What is the tens digit of x(63)?
0
Let j = -74250 + 122501. What is the hundreds digit of j?
2
Suppose 0*z - 16296 = -42*z. Let b(l) = -l**3 + 7*l**2 - 6*l + 4. Let u be b(6). Suppose -u*d + z = -0*d. What is the units digit of d?
7
Let m(z) = 450*z - 179. What is the units digit of m(11)?
1
Let d(l) = -l**2 + 3*l + 50. Let t(b) = 38 + 3*b + 2*b**2 + 13 - 3*b**2. Let i(k) = -2*d(k) + 3*t(k). What is the tens digit of i(0)?
5
What is the thousands digit of 775982/153 - 2/(-9) - (153 + -162)?
5
What is the units digit of (-17074464)/(-1480) + -1*18/(-15)?
8
Let u(f) = -4*f**2 - 4*f + 9. Let h(c) = 5*c**2 + 3*c - 9. Let t(d) = 6*h(d) + 5*u(d). Let q be 1 - (0 - (-9 + 10/2)). What is the units digit of t(q)?
7
Suppose -2*q + 4*q + 4*d - 4 = 0, q - 6 = -d. What is the hundreds digit of 139/2*(q + -2)?
5
Let v(p) = -p**2 - 12*p + 30. Let f be v(2). Suppose -2826 = -5*m + i, -3*m = -3*i - f*i - 1700. What is the hundreds digit of m?
5
Suppose -2*u + 0*u + 26220 = 2*u. What is the thousands digit of u?
6
Let k(u) = 204*u - 19487. What is the thousands digit of k(175)?
6
Suppose -45*w = 173 + 142. What is the units digit of 10*(((-4116)/10)/w - 4)?
8
Suppose -231 - 13494 = -5*u. What is the tens digit of u?
4
Let t = 5889 - 3211. What is the tens digit of t?
7
Let a = -1587 + 9757. What is the units digit of a?
0
Let a = 8993 + -8987. Let r(y) = y**2 + 6*y - 9. Let h(p) = 6*p - 10. Let z(j) = -4*h(j) + 5*r(j). What is the tens digit of z(a)?
1
Suppose 4884588 = 189*a + 786501. What is the thousands digit of a?
1
Let x = 7 - 5. Suppose -z = 5*u - 4, -4*z = -x*z - 3*u - 8. Suppose 3*k - 655 = -2*k - z*a, 0 = 5*k - 2*a - 625. What is the hundreds digit of k?
1
Suppose 336 - 2138 = -2*z. Suppose -194 = -l - 4*u, 0 = 5*l - 0*u - 3*u - z. Suppose 79 - l = -v. What is the tens digit of v?
0
Let n(y) = 540*y**3 + y**2 + 3*y - 2. Let z be n(1). Let m = -275 + z. What is the units digit of m?
7
Let q be 2/(-14) - (-285)/35. Suppose q*d - 10*d - 5*p = -3, 0 = -5*d - p + 42. Suppose d*n - 954 = 3*n. What is the units digit of n?
9
Let j = 82219 - 58577. What is the thousands digit of j?
3
Suppose -578*k + 563*k + 543840 = 0. What is the hundreds digit of k?
2
Let y(g) = -40*g - 35. Let u be y(-1). Suppose 1259 = 3*h - 3*n + 4*n, 2*h - 811 = u*n. What is the units digit of h?
8
Let v(n) = 6*n**3 - 6*n**2 - 11*n + 74. Let a(w) = 7*w**3 - 5*w**2 - 11*w + 76. Let d(t) = 5*a(t) - 6*v(t). What is the hundreds digit of d(7)?
2
Let g(j) = -531*j + 11. Let w(x) = -7*x**2 + 7*x - 2. Let h be w(1). What is the thousands digit of g(h)?
1
Suppose 4*i - 5*g = -32, -4*g + 0*g = -i - 8. What is the units digit of 3 + 178 - (14 + i)?
5
Suppose 0 = -16*j + 22 + 26. Suppose 5*u = -7*a + 3*a + 1968, -2*u - j*a + 783 = 0. What is the units digit of u?
6
Let s(a) be the second derivative of a**3/2 + a. Let r be s(2). Let o(f) = -f**3 + 8*f**2 - 7*f + 9. What is the units digit of o(r)?
9
Suppose 44 = 4*s - o + 1, 4*o = -12. Suppose 5*x + 0 = 5*g + s, 3*x + g - 18 = 0. Suppose 4*f = -x*f + 2376. What is the tens digit of f?
6
What is the tens digit of (-3510)/(-273)*420/9?
0
Let h be (-2)/(-9) + 0 + 1725/621. Suppose 5*p - 3*p = h*a + 370, 0 = -5*p + 2*a + 947. What is the units digit of p?
1
Let i be 5*2/4*140/175. Suppose 0 = q + i, 2*s + 0*q + 5*q - 640 = 0. What is the units digit of s?
5
Let c(d) = -d**2 + 3*d + 32. Let s be c(-4). Suppose -5*m + 3*q = s*q - 1744, -3*m = 5*q - 1042. What is the hundreds digit of m?
3
Suppose -137*c - 277*c + 2221443 = -81*c. What is the units digit of c?
1
Let p(j) = -5224*j - 1247. What is the thousands digit of p(-4)?
9
Let v = 5661 + -4396. What is the thousands digit of v?
1
Suppose 5*i - 4*q - 190488 = 0, 37*q - 34*q = -i + 38109. What is the thousands digit of i?
8
Let z(o) be the third derivative of -o**5/60 - 7*o**4/12 + 3*o**3/2 - 21*o**2. Let b be z(-14). Suppose -b*x = -6*x - 342. What is the tens digit of x?
1
Suppose 2*x - 4 = 6. Let i(k) = k**3 + 18*k**2 + 21*k. Let m be i(-12). Suppose -3*o + m = x*u - 218, -o - 2*u + 278 = 0. What is the hundreds digit of o?
2
Suppose -47*t = -43*t + 592. Let o = 260 + t. What is the tens digit of o?
1
Suppose 2*w - w = 6. Let t(p) = -p**2 + 7*p + 69. Let l be t(15). What is the tens digit of (-1647)/(-17) - w/l?
9
Suppose -25*r + 66*r - 548047 = 0. What is the thousands digit of r?
3
Let f be (-1012)/(-161) - ((-4)/(-14) + 0). Suppose 229 - 1933 = -f*o. What is the hundreds digit of o?
2
Suppose 8*j + 4 = b + 3*j, 0 = -2*b - j + 8. Suppose -i + 2*y = -30, -2*y - 156 = -b*i - 3*y. Suppose -3*k + 